hest common factor of f and 9.
9
Let l = 13 + 97. Let m = l + 16. Let j = 35 + -21. Calculate the highest common divisor of j and m.
14
Suppose 14 = q - 2*c, -3*c = -5 + 14. What is the highest common divisor of q and 22?
2
Let z be (204/(-85))/(9/(-60)). Calculate the highest common factor of z and 16.
16
Let n = 487 - 135. Calculate the highest common divisor of 64 and n.
32
Let o = -121 + 122. What is the highest common divisor of 6 and o?
1
Suppose 98 = -4*s + 866. Suppose -4*o + 20 = 0, -5*z - 5*o + 83 = -s. Calculate the greatest common divisor of 20 and z.
10
Suppose -3*j = -6*j. Suppose -l + j*l + 67 = 4*q, 13 = q - l. Let f(d) = d**2 + 24. Let s be f(0). Calculate the highest common factor of q and s.
8
Suppose -27 = 2*v + k - 81, 5*v = k + 135. Calculate the greatest common divisor of 81 and v.
27
Suppose 0 = c + 79 - 8. Let w = 79 + c. What is the greatest common divisor of 6 and w?
2
Let a = -121 - -36. Let d = -39 - a. Let q be -1*2 + 50/2. What is the greatest common factor of d and q?
23
Suppose -2*v - 4*w + 36 = -8*w, 4*v - 7 = -5*w. Calculate the greatest common factor of 2184 and v.
8
Let y = -636 - -729. What is the highest common divisor of y and 93?
93
Suppose 4*i - 66 = 6. Calculate the greatest common divisor of i and 522.
18
Suppose 0*j + 3*j + 4*b - 181 = 0, -5*j + 2*b + 319 = 0. Suppose j = f + 2*f. Suppose -3*k = f - 126. Calculate the highest common factor of k and 5.
5
Suppose 0 = -12*t + 13*t - v - 7, -4*t - 5*v = -28. What is the highest common divisor of t and 224?
7
Suppose 3*l + 1 = -2*l + q, 3*q - 3 = -2*l. Let g = l - -27. Calculate the highest common factor of 216 and g.
27
Suppose 16*p = 5*p + 1584. Calculate the highest common divisor of 108 and p.
36
Let l(j) = 11*j**2 - 1. Suppose 1 - 5 = -3*y - f, -y = -4*f + 3. Let i be l(y). Calculate the highest common divisor of 25 and i.
5
Let w = -1384 + 1943. What is the greatest common factor of w and 13?
13
Let k(c) = 5*c**3 + c**2 - 5*c + 2. Let s be k(2). Calculate the greatest common factor of 156 and s.
12
Suppose 5*v = 2*v + 885. Let p = v - 124. Let h be 112/6 - 1/(-3). Calculate the highest common divisor of p and h.
19
Let i be (-4)/16 - (-2305)/4. Suppose -i = -3*m - m. Let q be (-250)/(-15) + (-8)/12. What is the greatest common divisor of q and m?
16
Let x(c) = 19*c**2 + 2*c + 3. Let y(j) = -8*j + 23. Let v be y(7). Let d be 42/11 - 6/v. Let f be x(d). What is the greatest common factor of 35 and f?
35
Let f be 4/(-1) - ((6 - -2) + -1). Let c = 22 + f. Calculate the greatest common factor of c and 11.
11
Let u be (-2)/(-3) + 164/6. Let g = -341 - -376. Calculate the highest common factor of g and u.
7
Let i(a) = a**3 - 5*a**2 + 2*a - 1. Let r be i(4). Let p = r - -12. Suppose -50 = p*n - 5*n. What is the highest common factor of n and 5?
5
Let n = -206 + 238. What is the greatest common divisor of n and 4?
4
Let i(r) = 27*r - 9. Let s be i(3). Let f(y) be the second derivative of 23*y**3/6 + y**2/2 + 2*y. Let o be f(1). What is the highest common factor of o and s?
24
Suppose -16 + 43 = 3*g. Calculate the highest common divisor of g and 144.
9
Let u be (-4)/(-26) + (-161100)/(-650). Calculate the highest common factor of u and 62.
62
Suppose -2*m + 5*m - 9 = 0. Suppose -u + 0*r = -m*r + 11, 0 = 4*u - 5*r + 16. Let l be u/(-1)*(-8 - -5). Calculate the greatest common factor of 3 and l.
3
Suppose -40*z + 273 = -37*z. Calculate the greatest common factor of z and 52.
13
Let k = -217 - -232. Let h = 102 + -27. What is the highest common divisor of k and h?
15
Suppose 6*c - 7*c + 4 = 0. Suppose 1 = -5*l - c*p, -5*p + 2 - 10 = 4*l. Suppose a + l*a - 156 = 0. What is the highest common factor of 26 and a?
13
Suppose 11*p = 25*p - 4914. Calculate the highest common divisor of p and 78.
39
Suppose 1252 = 42*w - 1184. What is the highest common divisor of w and 1247?
29
Let y(d) = -d**3 + 16*d**2 - 36*d - 2. Let f be y(8). Calculate the highest common factor of 111 and f.
111
Suppose -68 = -10*v - 8. Suppose -4*s = -8, 2*q + 4*s = -q + 80. Calculate the greatest common divisor of q and v.
6
Let r be (-1*9)/((-6)/18). Suppose -5*j - r = -122. Suppose -13*h = -1970 + 735. What is the greatest common divisor of j and h?
19
Let v(x) = 4*x**2 - 7*x + 6. Let c be v(-5). Let i = -85 + c. Let h(d) = d**2 - d - 5. Let w be h(4). What is the greatest common divisor of w and i?
7
Suppose 77 = -3*f - 4*k, 0*f - 5*f - 4*k - 139 = 0. Let i = f - -82. What is the greatest common divisor of i and 459?
51
Let x be (5 + -17)/(8/(-126)). What is the greatest common factor of x and 351?
27
Let u = -207 - -297. What is the highest common divisor of u and 120?
30
Let y(g) = g**2 - 11*g - 36. Let h be y(16). Suppose 0 = 3*l - h - 94. Calculate the highest common factor of l and 23.
23
Let v(s) = -s**2 - 4*s + 19. Let a be v(-7). Let f be (-7)/a*264/77. What is the greatest common factor of f and 12?
12
Let z be -14*(-1 - 2/(-4)). Suppose 3*l = -2019 + 2082. What is the greatest common divisor of l and z?
7
Let k(z) = z**2 - 11*z - 47. Let c be k(-5). Let h(y) = -261*y + 3. Let v be h(-1). What is the greatest common factor of c and v?
33
Let z(s) = 68*s - 18. Let k be z(3). Suppose -k*a + 1 = -185*a. Calculate the greatest common divisor of a and 5.
1
Let i be 11 + 0/(-5 - 0). Let n = 27 + i. What is the greatest common factor of n and 95?
19
Let q = 2 - 3. Let w be (-32)/12*(q - 29). Suppose 0 = 4*c - 40 - 0. Calculate the greatest common factor of w and c.
10
Suppose -x + 27 = -0*x. Suppose 0 = 4*q + 2*d - 13 - 33, 0 = 2*q + 2*d - 28. Calculate the highest common divisor of q and x.
9
Let r(j) = -j**3 - j**2 + 124. Let a be r(0). Let o be a - (4 - (-3 - -3)). Calculate the highest common divisor of 15 and o.
15
Let m be 498/2 - (-9)/3. Let g be m/30*(-20)/(-3). Suppose -4*d + 12 = 0, -3*y - d + 12 = -4*d. Calculate the highest common divisor of g and y.
7
Suppose -470 = -18*n + 340. Suppose 4*z - 250 = -10. What is the highest common divisor of n and z?
15
Let i = 45 + -35. Let s be ((-96)/i)/((-27)/180). What is the highest common divisor of s and 8?
8
Let w(j) = -j**3 + 5*j**2 + j - 2. Let f be w(5). Suppose f*a - 132 = -3*a. What is the highest common factor of 66 and a?
22
Let b be 2/(-12) - (-2076)/(-72). Let a be (-4)/2 - (5 + b). Let y be a/2 + (-6)/2. Calculate the greatest common divisor of 24 and y.
8
Let f(l) = -l + 6. Let z be f(5). Suppose 0 = 4*c + z - 9. Suppose -c*m + 5*g = -115, -2*g + 3*g - 61 = -m. What is the highest common factor of 40 and m?
20
Let q = -6 - 2. Let o(w) = -w - 20. Let m(s) = -2*s - 44. Let g(y) = 2*m(y) - 5*o(y). Let d be g(q). Calculate the highest common divisor of d and 4.
4
Let d be 51 + (-6)/((6 + -20)/(-7)). Calculate the greatest common factor of d and 264.
24
Suppose 13 = a + 3*o + o, 0 = -3*o. Suppose -4*u - r - 138 = 0, -3*u - r - 41 - 63 = 0. Let f = 73 + u. Calculate the highest common factor of a and f.
13
Suppose -5*a + 407 = -2*j - 0*j, -4*a + j + 328 = 0. Let f = a - 63. Let k be 3/(3/(-2))*-2. Calculate the greatest common divisor of f and k.
4
Let u be -1 - -510 - -5*8/(-20). Suppose u = 10*c - 483. What is the highest common factor of c and 9?
9
Suppose -31 = q + 1. Let l = -29 - q. Calculate the highest common factor of 15 and l.
3
Suppose u = -r + 6*u, -3*u + 8 = r. Suppose -2*t - r*j + 108 - 29 = 0, -2*j = -3*t + 71. Calculate the highest common divisor of t and 189.
27
Let n(t) be the second derivative of 4*t**3 - t**2/2 - 5*t. Let w be n(1). What is the greatest common divisor of w and 115?
23
Let i = -28 - -46. Suppose 0*j = 2*w + 4*j + 76, 5*j = -4*w - 149. Let z be (4/3)/((-8)/w). Calculate the greatest common divisor of z and i.
6
Let q(v) = 65*v - 5. Let p be q(1). Calculate the highest common divisor of 30 and p.
30
Let h(g) = -2*g - 3. Suppose -m + 7 - 11 = 0. Let w be h(m). Suppose w*s - 478 = -153. Calculate the highest common factor of s and 13.
13
Let t = -127 - -229. Suppose -2*x - 5*x + 238 = 0. What is the greatest common factor of t and x?
34
Suppose -t = -5*x - 58, -2*x + x - 80 = -2*t. Calculate the highest common divisor of t and 1539.
19
Suppose 2*v = 23 - 9. Let j(b) = 15*b + 14. Let t be j(v). Let r = -39 + t. What is the highest common divisor of r and 10?
10
Let f = -36 - -38. Let q be 165/f